{"id":240,"date":"2020-02-16T09:03:54","date_gmt":"2020-02-16T09:03:54","guid":{"rendered":"https:\/\/basement.bigbuddies.de\/?page_id=240"},"modified":"2026-02-23T15:49:43","modified_gmt":"2026-02-23T15:49:43","slug":"yoga","status":"publish","type":"page","link":"https:\/\/sc-balje.de\/index.php\/yoga\/","title":{"rendered":"Yoga"},"content":{"rendered":"\n<p>Praktiziert wird in dieser Stunde Vinyasa Yoga. Dabei werden die einzelnen Asanas nur kurz gehalten und gehen flie\u00dfend ineinander \u00fcber. Atmung und Bewegung werden synchronisiert. Der Kurs ist geeignet f\u00fcr Anf\u00e4nger und Ge\u00fcbte.<\/p>\n\n\n\n<p>Dienstag von 18:15\u201319:30 Uhr <br>online<\/p>\n\n\n<div class=\"wp-block-image\">\n<figure class=\"alignleft size-large is-resized\"><img loading=\"lazy\" decoding=\"async\" width=\"594\" height=\"891\" src=\"https:\/\/sc-balje.de\/wp-content\/uploads\/2020\/07\/Regina.png\" alt=\"\" class=\"wp-image-388\" style=\"width:149px;height:223px\" srcset=\"https:\/\/sc-balje.de\/wp-content\/uploads\/2020\/07\/Regina.png 594w, https:\/\/sc-balje.de\/wp-content\/uploads\/2020\/07\/Regina-200x300.png 200w\" sizes=\"auto, (max-width: 594px) 100vw, 594px\" \/><\/figure>\n<\/div>\n\n\n<p><strong>Regina Tecklenburg<\/strong><br>Yogalehrerin<br>Telefon: 0152 089 41 439<\/p>\n","protected":false},"excerpt":{"rendered":"<p>Praktiziert wird in dieser Stunde Vinyasa Yoga. Dabei werden die einzelnen Asanas nur kurz gehalten und gehen flie\u00dfend ineinander \u00fcber. Atmung und Bewegung werden synchronisiert.&#8230;<\/p>\n<div class=\"more-link-wrapper\"><a class=\"more-link\" href=\"https:\/\/sc-balje.de\/index.php\/yoga\/\">Weiterlesen<span class=\"screen-reader-text\">Yoga<\/span><\/a><\/div>\n","protected":false},"author":1,"featured_media":333,"parent":0,"menu_order":0,"comment_status":"closed","ping_status":"closed","template":"","meta":{"footnotes":""},"class_list":["post-240","page","type-page","status-publish","has-post-thumbnail","hentry","entry"],"yoast_head":"<!-- This site is optimized with the Yoast SEO plugin v27.5 - https:\/\/yoast.com\/product\/yoast-seo-wordpress\/ -->\n<title>Yoga - SC Balje e.V.<\/title>\n<meta name=\"robots\" content=\"index, follow, max-snippet:-1, max-image-preview:large, max-video-preview:-1\" \/>\n<link rel=\"canonical\" href=\"https:\/\/sc-balje.de\/index.php\/yoga\/\" \/>\n<script type=\"application\/ld+json\" class=\"yoast-schema-graph\">{\"@context\":\"https:\\\/\\\/schema.org\",\"@graph\":[{\"@type\":\"BreadcrumbList\",\"@id\":\"https:\\\/\\\/sc-balje.de\\\/index.php\\\/yoga\\\/#breadcrumb\",\"itemListElement\":[{\"@type\":\"ListItem\",\"position\":1,\"name\":\"Home\",\"item\":\"https:\\\/\\\/sc-balje.de\\\/\"},{\"@type\":\"ListItem\",\"position\":2,\"name\":\"Yoga\"}]}]}<\/script>\n<!-- \/ Yoast SEO plugin. -->","yoast_head_json":{"title":"Yoga - SC Balje e.V.","robots":{"index":"index","follow":"follow","max-snippet":"max-snippet:-1","max-image-preview":"max-image-preview:large","max-video-preview":"max-video-preview:-1"},"canonical":"https:\/\/sc-balje.de\/index.php\/yoga\/","schema":{"@context":"https:\/\/schema.org","@graph":[{"@type":"BreadcrumbList","@id":"https:\/\/sc-balje.de\/index.php\/yoga\/#breadcrumb","itemListElement":[{"@type":"ListItem","position":1,"name":"Home","item":"https:\/\/sc-balje.de\/"},{"@type":"ListItem","position":2,"name":"Yoga"}]}]}},"_links":{"self":[{"href":"https:\/\/sc-balje.de\/index.php\/wp-json\/wp\/v2\/pages\/240","targetHints":{"allow":["GET"]}}],"collection":[{"href":"https:\/\/sc-balje.de\/index.php\/wp-json\/wp\/v2\/pages"}],"about":[{"href":"https:\/\/sc-balje.de\/index.php\/wp-json\/wp\/v2\/types\/page"}],"author":[{"embeddable":true,"href":"https:\/\/sc-balje.de\/index.php\/wp-json\/wp\/v2\/users\/1"}],"replies":[{"embeddable":true,"href":"https:\/\/sc-balje.de\/index.php\/wp-json\/wp\/v2\/comments?post=240"}],"version-history":[{"count":12,"href":"https:\/\/sc-balje.de\/index.php\/wp-json\/wp\/v2\/pages\/240\/revisions"}],"predecessor-version":[{"id":837,"href":"https:\/\/sc-balje.de\/index.php\/wp-json\/wp\/v2\/pages\/240\/revisions\/837"}],"wp:featuredmedia":[{"embeddable":true,"href":"https:\/\/sc-balje.de\/index.php\/wp-json\/wp\/v2\/media\/333"}],"wp:attachment":[{"href":"https:\/\/sc-balje.de\/index.php\/wp-json\/wp\/v2\/media?parent=240"}],"curies":[{"name":"wp","href":"https:\/\/api.w.org\/{rel}","templated":true}]}}

<p>Praktiziert wird in dieser Stunde Vinyasa Yoga. Dabei werden die einzelnen Asanas nur kurz gehalten und gehen fließend ineinander über. Atmung und Bewegung werden synchronisiert. Der Kurs ist geeignet für Anfänger und Geübte.</p>



<p>Dienstag von 18:15–19:30 Uhr <br>online</p>


<div class="wp-block-image">
<figure class="alignleft size-large is-resized"><img loading="lazy" decoding="async" width="594" height="891" src="https://sc-balje.de/wp-content/uploads/2020/07/Regina.png" alt="" class="wp-image-388" style="width:149px;height:223px" srcset="https://sc-balje.de/wp-content/uploads/2020/07/Regina.png 594w, https://sc-balje.de/wp-content/uploads/2020/07/Regina-200x300.png 200w" sizes="auto, (max-width: 594px) 100vw, 594px" /></figure>
</div>


<p><strong>Regina Tecklenburg</strong><br>Yogalehrerin<br>Telefon: 0152 089 41 439</p>

<p>Praktiziert wird in dieser Stunde Vinyasa Yoga. Dabei werden die einzelnen Asanas nur kurz gehalten und gehen fließend ineinander über. Atmung und Bewegung werden synchronisiert.&#8230;</p>
<div class="more-link-wrapper"><a class="more-link" href="https://sc-balje.de/index.php/yoga/">Weiterlesen<span class="screen-reader-text">Yoga</span></a></div>
